{"id":48156,"date":"2025-04-02T09:47:12","date_gmt":"2025-04-02T07:47:12","guid":{"rendered":"https:\/\/sck.stargard.pl\/?post_type=event&#038;p=48156"},"modified":"2025-04-29T09:07:19","modified_gmt":"2025-04-29T07:07:19","slug":"ii-festiwal-pod-gwiazdami","status":"publish","type":"event","link":"https:\/\/sck.stargard.pl\/de\/kalendarz-wydarzen\/ii-festiwal-pod-gwiazdami\/","title":{"rendered":"II Festiwal Pod Gwiazdami"},"content":{"rendered":"<div class=\"fusion-fullwidth fullwidth-box fusion-builder-row-1 fusion-flex-container nonhundred-percent-fullwidth non-hundred-percent-height-scrolling\" style=\"--awb-border-radius-top-left:0px;--awb-border-radius-top-right:0px;--awb-border-radius-bottom-right:0px;--awb-border-radius-bottom-left:0px;--awb-padding-right:0px;--awb-padding-left:0px;--awb-margin-top:0px;--awb-margin-bottom:0px;--awb-flex-wrap:wrap;\" ><div class=\"fusion-builder-row fusion-row fusion-flex-align-items-flex-start fusion-flex-content-wrap\" style=\"max-width:1352px;margin-left: calc(-4% \/ 2 );margin-right: calc(-4% \/ 2 );\"><div class=\"fusion-layout-column fusion_builder_column fusion-builder-column-0 fusion_builder_column_1_2 1_2 fusion-flex-column\" style=\"--awb-bg-color:#f4f4f4;--awb-bg-color-hover:#f4f4f4;--awb-bg-size:cover;--awb-width-large:50%;--awb-margin-top-large:0px;--awb-spacing-right-large:3.84%;--awb-margin-bottom-large:0px;--awb-spacing-left-large:3.84%;--awb-width-medium:100%;--awb-order-medium:0;--awb-spacing-right-medium:1.92%;--awb-spacing-left-medium:1.92%;--awb-width-small:100%;--awb-order-small:0;--awb-spacing-right-small:1.92%;--awb-spacing-left-small:1.92%;\"><div class=\"fusion-column-wrapper fusion-column-has-shadow fusion-flex-justify-content-flex-start fusion-content-layout-column\"><div class=\"fusion-image-element \" style=\"--awb-caption-title-font-family:var(--h2_typography-font-family);--awb-caption-title-font-weight:var(--h2_typography-font-weight);--awb-caption-title-font-style:var(--h2_typography-font-style);--awb-caption-title-size:var(--h2_typography-font-size);--awb-caption-title-transform:var(--h2_typography-text-transform);--awb-caption-title-line-height:var(--h2_typography-line-height);--awb-caption-title-letter-spacing:var(--h2_typography-letter-spacing);\"><span class=\" fusion-imageframe imageframe-none imageframe-1 hover-type-none\"><a href=\"https:\/\/sck.stargard.pl\/wp-content\/uploads\/2025\/04\/festiwal-pod-gwiazdami-2_plakat.png\" class=\"fusion-lightbox\" data-rel=\"iLightbox[dd4739453085a94fe03]\" data-title=\"festiwal pod gwiazdami 2_plakat\" title=\"festiwal pod gwiazdami 2_plakat\"><img decoding=\"async\" width=\"1755\" height=\"2482\" alt=\"estiwal pod gwiazdami\" src=\"https:\/\/sck.stargard.pl\/wp-content\/uploads\/2025\/04\/festiwal-pod-gwiazdami-2_plakat.png\" data-orig-src=\"https:\/\/sck.stargard.pl\/wp-content\/uploads\/2025\/04\/festiwal-pod-gwiazdami-2_plakat.png\" class=\"lazyload img-responsive wp-image-48858\" srcset=\"data:image\/svg+xml,%3Csvg%20xmlns%3D%27http%3A%2F%2Fwww.w3.org%2F2000%2Fsvg%27%20width%3D%271755%27%20height%3D%272482%27%20viewBox%3D%270%200%201755%202482%27%3E%3Crect%20width%3D%271755%27%20height%3D%272482%27%20fill-opacity%3D%220%22%2F%3E%3C%2Fsvg%3E\" data-srcset=\"https:\/\/sck.stargard.pl\/wp-content\/uploads\/2025\/04\/festiwal-pod-gwiazdami-2_plakat-800x1131.png 800w, https:\/\/sck.stargard.pl\/wp-content\/uploads\/2025\/04\/festiwal-pod-gwiazdami-2_plakat.png 1755w\" data-sizes=\"auto\" data-orig-sizes=\"(max-width: 1150px) 100vw, (max-width: 640px) 100vw, 1755px\" \/><\/a><\/span><\/div><\/div><\/div><div class=\"fusion-layout-column fusion_builder_column fusion-builder-column-1 fusion_builder_column_1_2 1_2 fusion-flex-column\" style=\"--awb-bg-size:cover;--awb-width-large:50%;--awb-margin-top-large:0px;--awb-spacing-right-large:3.84%;--awb-margin-bottom-large:0px;--awb-spacing-left-large:3.84%;--awb-width-medium:100%;--awb-spacing-right-medium:1.92%;--awb-spacing-left-medium:1.92%;--awb-width-small:100%;--awb-spacing-right-small:1.92%;--awb-spacing-left-small:1.92%;\"><div class=\"fusion-column-wrapper fusion-flex-justify-content-flex-start fusion-content-layout-column\"><ul style=\"--awb-size:24px;--awb-iconcolor:#070a21;--awb-textcolor:#a70240;--awb-line-height:40.8px;--awb-icon-width:40.8px;--awb-icon-height:40.8px;--awb-icon-margin:16.8px;--awb-content-margin:57.6px;\" class=\"fusion-checklist fusion-checklist-1 fusion-checklist-default type-icons lista-wydarzenie\"><li class=\"fusion-li-item\" style=\"\"><span class=\"icon-wrapper circle-no\"><i class=\"fusion-li-icon fa-theater-masks fas\" aria-hidden=\"true\"><\/i><\/span><div class=\"fusion-li-item-content\">\n<p>Festiwal<\/p>\n<\/div><\/li><li class=\"fusion-li-item\" style=\"\"><span class=\"icon-wrapper circle-no\"><i class=\"fusion-li-icon fa-calendar-check far\" aria-hidden=\"true\"><\/i><\/span><div class=\"fusion-li-item-content\">\n<p>25-30.04.2025<\/p>\n<\/div><\/li><\/ul><div class=\"fusion-separator fusion-full-width-sep\" style=\"align-self: flex-start;margin-right:auto;margin-top:30px;margin-bottom:40px;width:100%;max-width:100%;\"><div class=\"fusion-separator-border sep-single sep-dotted\" style=\"--awb-height:20px;--awb-amount:20px;--awb-sep-color:#a70240;border-color:#a70240;border-top-width:5px;\"><\/div><\/div><div class=\"fusion-text fusion-text-1\" style=\"--awb-text-transform:none;\"><div class=\"xdj266r x11i5rnm xat24cr x1mh8g0r x1vvkbs\">\n<p>II Festiwal Pod Gwiazdami to kilkudniowe wydarzenie w Stargardzie, kt\u00f3rego organizatorem jest Stargardzkie Centrum Kultury. Festiwal odb\u0119dzie si\u0119 w dniach 25-30.04.2025. Miejsce: Stargardzkie Centrum Kultury, Pi\u0142sudskiego 105, 73-110 Stargard. To wydarzenie kulturalne o wyj\u0105tkowym charakterze, kt\u00f3re przyci\u0105gnie wybitnych artyst\u00f3w. Program festiwalu przewiduje szereg koncert\u00f3w, a tak\u017ce wystaw\u0119, prelekcje i warsztaty muzyczne, daj\u0105c okazj\u0119 do rozwijania pasji i umiej\u0119tno\u015bci zar\u00f3wno w\u015br\u00f3d os\u00f3b doros\u0142ych, jak i m\u0142odzie\u017cy. Nie zabraknie tak\u017ce seansu filmowego i spotkania z re\u017cyserem. W ramach d\u017awi\u0119kowej przestrzeni tw\u00f3rczej zrealizowane zostan\u0105 warsztaty S\u0142uchanie Stargardu \u2013 Rytmy czyli dwudniowe warsztaty s\u0142uchania i tworzenia d\u017awi\u0119k\u00f3w (obowi\u0105zuj\u0105 zapisy).\u00a0<strong>Festiwal ma form\u0119 otwart\u0105 a wst\u0119p na wszystkie wydarzenia jest bezp\u0142atny! <\/strong>Dofinansowano ze \u015brodk\u00f3w Ministra Kultury i Dziedzictwa Narodowego pochodz\u0105cych z Funduszu Promocji Kultury \u2013 pa\u0144stwowego funduszu celowego, w ramach programu \u201eMuzyka\u201d, realizowanego przez Narodowy Instytut Muzyki i Ta\u0144ca.<\/p>\n<p><strong>PLAN FESTIWALU:<\/strong><\/p>\n<\/div>\n<div class=\"default-style x11i5rnm xat24cr x1mh8g0r x1vvkbs xtlvy1s\">\n<div class=\"x11i5rnm xat24cr x1mh8g0r x1vvkbs xtlvy1s\"><strong>25.04.2025<\/strong> \/ otwarcie wystawy \/ ma\u0142a scena \/ 18:00<br class=\"html-br\" \/>Stanis\u0142aw Zag\u00f3rski, Ros\u0142aw Szaybo &#8211; wystawa ok\u0142adek p\u0142yt winylowych<\/div>\n<div class=\"x11i5rnm xat24cr x1mh8g0r x1vvkbs xtlvy1s\"><strong>25.04.2025<\/strong> \/ film + rozmowa \/ Ma\u0142a Scena \/ 19:00<br class=\"html-br\" \/>Przyjaciele na 33 obroty \/ re\u017c. Grzegorz Brzozowicz. Po projekcji filmu odb\u0119dzie si\u0119 spotkanie z re\u017cyserem. Rozmow\u0119 poprowadzi Maciej Sienkiewicz.<\/div>\n<div class=\"x11i5rnm xat24cr x1mh8g0r x1vvkbs xtlvy1s\"><strong>28.04.2025<\/strong> \/ warsztaty \/ Ma\u0142a Scena \/ 12:00-18:00<\/div>\n<div class=\"x11i5rnm xat24cr x1mh8g0r x1vvkbs xtlvy1s\">Piotr Gwadera \/ Otwarta prelekcja: Muzyka tradycyjna a jazz, d\u017caz &#8211; instrument tradycyjny, historia, budowa i wsp\u00f3\u0142czesne zastosowanie (2 h).<br class=\"html-br\" \/>Bernard Maseli \/ Otwarte warsztaty wibrafonowe dla muzyk\u00f3w (2 h).<br class=\"html-br\" \/>DJ Eprom \/ Otwarta prelekcja: Zastosowanie technik DJskich w jazzie i innych gatunkach + prezentacja wybranych technik gry na gramofonach (2 h).<\/div>\n<div class=\"x11i5rnm xat24cr x1mh8g0r x1vvkbs xtlvy1s\">Krzysztof Topolski \/ S\u0142uchanie Stargardu \u2013 Rytmy. Dwudniowe warsztaty s\u0142uchania i tworzenia d\u017awi\u0119k\u00f3w (3 h: 1 dzie\u0144 + 3 h: 2 dzie\u0144) max. 15 os\u00f3b, pow. 15 roku \u017cycia. Zapisy: 91 578 32 31.<\/div>\n<div class=\"x11i5rnm xat24cr x1mh8g0r x1vvkbs xtlvy1s\"><strong>29.04.2025<\/strong> \/ koncerty \/ Du\u017ca Scena \/ start 18:00<\/div>\n<div>\n<div class=\"default-style\" data-darkreader-inline-color=\"\">18:30 Krzysztof Topolski &amp; Maja Miro<\/div>\n<div class=\"default-style\" data-darkreader-inline-color=\"\">19:30 Gary Gwadera + VJ Copy Corpo<\/div>\n<div class=\"default-style\" data-darkreader-inline-color=\"\">20:30 Warp Travelers (Bernard Maseli &amp; DJ Eprom)<\/div>\n<\/div>\n<div class=\"x11i5rnm xat24cr x1mh8g0r x1vvkbs xtlvy1s\"><em>Uwaga! Podane godziny rozpocz\u0119cia s\u0105 przybli\u017cone i mog\u0105 ulec zmianie.<\/em><br class=\"html-br\" \/>Gie\u0142da p\u0142yt winylowych \/ hol kina SCK<br class=\"html-br\" \/>Stanis\u0142aw Zag\u00f3rski, Ros\u0142aw Szaybo &#8211; wystawa ok\u0142adek p\u0142yt winylowych \/ Galeria 108 hol<\/div>\n<div class=\"x11i5rnm xat24cr x1mh8g0r x1vvkbs xtlvy1s\"><strong>30.04.2025<\/strong> \/ koncerty \/ Du\u017ca Scena \/ start 18:00<br class=\"html-br\" \/>18:30 Latarnik<br class=\"html-br\" \/>19:30 Unleashed Cooperation &amp; Anna Gadt<br class=\"html-br\" \/>21:15 Marcin Masecki Trio<\/div>\n<div class=\"x11i5rnm xat24cr x1mh8g0r x1vvkbs xtlvy1s\"><em>Uwaga! Podane godziny rozpocz\u0119cia s\u0105 przybli\u017cone i mog\u0105 ulec zmianie.<\/em><br class=\"html-br\" \/>Gie\u0142da p\u0142yt winylowych \/ hol kina SCK<br class=\"html-br\" \/>Stanis\u0142aw Zag\u00f3rski, Ros\u0142aw Szaybo &#8211; wystawa ok\u0142adek p\u0142yt winylowych \/ Galeria 108 hol<\/div>\n<\/div>\n<\/div><\/div><\/div><div class=\"fusion-layout-column fusion_builder_column fusion-builder-column-2 fusion_builder_column_1_1 1_1 fusion-flex-column\" style=\"--awb-bg-size:cover;--awb-width-large:100%;--awb-margin-top-large:50px;--awb-spacing-right-large:1.92%;--awb-margin-bottom-large:20px;--awb-spacing-left-large:1.92%;--awb-width-medium:100%;--awb-order-medium:0;--awb-spacing-right-medium:1.92%;--awb-spacing-left-medium:1.92%;--awb-width-small:100%;--awb-order-small:0;--awb-spacing-right-small:1.92%;--awb-spacing-left-small:1.92%;\"><div class=\"fusion-column-wrapper fusion-column-has-shadow fusion-flex-justify-content-flex-start fusion-content-layout-column\"><div style=\"text-align:center;\"><a class=\"fusion-button button-flat button-large button-custom fusion-button-default button-1 fusion-button-default-span fusion-button-default-type\" style=\"--button_accent_color:#070a21;--button_border_color:#81ae20;--button_accent_hover_color:#070a21;--button_border_hover_color:#a70240;--button_border_width-top:8px;--button_border_width-right:8px;--button_border_width-bottom:8px;--button_border_width-left:8px;--button-border-radius-top-left:0;--button-border-radius-top-right:0;--button-border-radius-bottom-right:0;--button-border-radius-bottom-left:0;--button_gradient_top_color:rgba(255,255,255,0);--button_gradient_bottom_color:rgba(255,255,255,0);--button_gradient_top_color_hover:rgba(255,255,255,0);--button_gradient_bottom_color_hover:rgba(255,255,255,0);--button_text_transform:lowercase;--button_typography-letter-spacing:-1px;--button_typography-font-family:&quot;Montserrat&quot;;--button_typography-font-style:normal;--button_typography-font-weight:800;\" target=\"_self\" href=\"\/kalendarz-wydarzen\"><span class=\"fusion-button-text awb-button__text awb-button__text--default\">powr\u00f3t<\/span><\/a><\/div><\/div><\/div><\/div><\/div>\n","protected":false},"featured_media":48857,"template":"","class_list":["post-48156","event","type-event","status-publish","has-post-thumbnail","hentry"],"acf":[],"_links":{"self":[{"href":"https:\/\/sck.stargard.pl\/de\/wp-json\/wp\/v2\/event\/48156","targetHints":{"allow":["GET"]}}],"collection":[{"href":"https:\/\/sck.stargard.pl\/de\/wp-json\/wp\/v2\/event"}],"about":[{"href":"https:\/\/sck.stargard.pl\/de\/wp-json\/wp\/v2\/types\/event"}],"wp:featuredmedia":[{"embeddable":true,"href":"https:\/\/sck.stargard.pl\/de\/wp-json\/wp\/v2\/media\/48857"}],"wp:attachment":[{"href":"https:\/\/sck.stargard.pl\/de\/wp-json\/wp\/v2\/media?parent=48156"}],"curies":[{"name":"wp","href":"https:\/\/api.w.org\/{rel}","templated":true}]}}

<div class="fusion-fullwidth fullwidth-box fusion-builder-row-1 fusion-flex-container nonhundred-percent-fullwidth non-hundred-percent-height-scrolling" style="--awb-border-radius-top-left:0px;--awb-border-radius-top-right:0px;--awb-border-radius-bottom-right:0px;--awb-border-radius-bottom-left:0px;--awb-padding-right:0px;--awb-padding-left:0px;--awb-margin-top:0px;--awb-margin-bottom:0px;--awb-flex-wrap:wrap;" ><div class="fusion-builder-row fusion-row fusion-flex-align-items-flex-start fusion-flex-content-wrap" style="max-width:1352px;margin-left: calc(-4% / 2 );margin-right: calc(-4% / 2 );"><div class="fusion-layout-column fusion_builder_column fusion-builder-column-0 fusion_builder_column_1_2 1_2 fusion-flex-column" style="--awb-bg-color:#f4f4f4;--awb-bg-color-hover:#f4f4f4;--awb-bg-size:cover;--awb-width-large:50%;--awb-margin-top-large:0px;--awb-spacing-right-large:3.84%;--awb-margin-bottom-large:0px;--awb-spacing-left-large:3.84%;--awb-width-medium:100%;--awb-order-medium:0;--awb-spacing-right-medium:1.92%;--awb-spacing-left-medium:1.92%;--awb-width-small:100%;--awb-order-small:0;--awb-spacing-right-small:1.92%;--awb-spacing-left-small:1.92%;"><div class="fusion-column-wrapper fusion-column-has-shadow fusion-flex-justify-content-flex-start fusion-content-layout-column"><div class="fusion-image-element " style="--awb-caption-title-font-family:var(--h2_typography-font-family);--awb-caption-title-font-weight:var(--h2_typography-font-weight);--awb-caption-title-font-style:var(--h2_typography-font-style);--awb-caption-title-size:var(--h2_typography-font-size);--awb-caption-title-transform:var(--h2_typography-text-transform);--awb-caption-title-line-height:var(--h2_typography-line-height);--awb-caption-title-letter-spacing:var(--h2_typography-letter-spacing);"><span class=" fusion-imageframe imageframe-none imageframe-1 hover-type-none"><a href="https://sck.stargard.pl/wp-content/uploads/2025/04/festiwal-pod-gwiazdami-2_plakat.png" class="fusion-lightbox" data-rel="iLightbox[dd4739453085a94fe03]" data-title="festiwal pod gwiazdami 2_plakat" title="festiwal pod gwiazdami 2_plakat"><img decoding="async" width="1755" height="2482" alt="estiwal pod gwiazdami" src="https://sck.stargard.pl/wp-content/uploads/2025/04/festiwal-pod-gwiazdami-2_plakat.png" data-orig-src="https://sck.stargard.pl/wp-content/uploads/2025/04/festiwal-pod-gwiazdami-2_plakat.png" class="lazyload img-responsive wp-image-48858" srcset="data:image/svg+xml,%3Csvg%20xmlns%3D%27http%3A%2F%2Fwww.w3.org%2F2000%2Fsvg%27%20width%3D%271755%27%20height%3D%272482%27%20viewBox%3D%270%200%201755%202482%27%3E%3Crect%20width%3D%271755%27%20height%3D%272482%27%20fill-opacity%3D%220%22%2F%3E%3C%2Fsvg%3E" data-srcset="https://sck.stargard.pl/wp-content/uploads/2025/04/festiwal-pod-gwiazdami-2_plakat-800x1131.png 800w, https://sck.stargard.pl/wp-content/uploads/2025/04/festiwal-pod-gwiazdami-2_plakat.png 1755w" data-sizes="auto" data-orig-sizes="(max-width: 1150px) 100vw, (max-width: 640px) 100vw, 1755px" /></a></span></div></div></div><div class="fusion-layout-column fusion_builder_column fusion-builder-column-1 fusion_builder_column_1_2 1_2 fusion-flex-column" style="--awb-bg-size:cover;--awb-width-large:50%;--awb-margin-top-large:0px;--awb-spacing-right-large:3.84%;--awb-margin-bottom-large:0px;--awb-spacing-left-large:3.84%;--awb-width-medium:100%;--awb-spacing-right-medium:1.92%;--awb-spacing-left-medium:1.92%;--awb-width-small:100%;--awb-spacing-right-small:1.92%;--awb-spacing-left-small:1.92%;"><div class="fusion-column-wrapper fusion-flex-justify-content-flex-start fusion-content-layout-column"><ul style="--awb-size:24px;--awb-iconcolor:#070a21;--awb-textcolor:#a70240;--awb-line-height:40.8px;--awb-icon-width:40.8px;--awb-icon-height:40.8px;--awb-icon-margin:16.8px;--awb-content-margin:57.6px;" class="fusion-checklist fusion-checklist-1 fusion-checklist-default type-icons lista-wydarzenie"><li class="fusion-li-item" style=""><span class="icon-wrapper circle-no"><i class="fusion-li-icon fa-theater-masks fas" aria-hidden="true"></i></span><div class="fusion-li-item-content">
<p>Festiwal</p>
</div></li><li class="fusion-li-item" style=""><span class="icon-wrapper circle-no"><i class="fusion-li-icon fa-calendar-check far" aria-hidden="true"></i></span><div class="fusion-li-item-content">
<p>25-30.04.2025</p>
</div></li></ul><div class="fusion-separator fusion-full-width-sep" style="align-self: flex-start;margin-right:auto;margin-top:30px;margin-bottom:40px;width:100%;max-width:100%;"><div class="fusion-separator-border sep-single sep-dotted" style="--awb-height:20px;--awb-amount:20px;--awb-sep-color:#a70240;border-color:#a70240;border-top-width:5px;"></div></div><div class="fusion-text fusion-text-1" style="--awb-text-transform:none;"><div class="xdj266r x11i5rnm xat24cr x1mh8g0r x1vvkbs">
<p>II Festiwal Pod Gwiazdami to kilkudniowe wydarzenie w Stargardzie, którego organizatorem jest Stargardzkie Centrum Kultury. Festiwal odbędzie się w dniach 25-30.04.2025. Miejsce: Stargardzkie Centrum Kultury, Piłsudskiego 105, 73-110 Stargard. To wydarzenie kulturalne o wyjątkowym charakterze, które przyciągnie wybitnych artystów. Program festiwalu przewiduje szereg koncertów, a także wystawę, prelekcje i warsztaty muzyczne, dając okazję do rozwijania pasji i umiejętności zarówno wśród osób dorosłych, jak i młodzieży. Nie zabraknie także seansu filmowego i spotkania z reżyserem. W ramach dźwiękowej przestrzeni twórczej zrealizowane zostaną warsztaty Słuchanie Stargardu – Rytmy czyli dwudniowe warsztaty słuchania i tworzenia dźwięków (obowiązują zapisy). <strong>Festiwal ma formę otwartą a wstęp na wszystkie wydarzenia jest bezpłatny! </strong>Dofinansowano ze środków Ministra Kultury i Dziedzictwa Narodowego pochodzących z Funduszu Promocji Kultury – państwowego funduszu celowego, w ramach programu „Muzyka”, realizowanego przez Narodowy Instytut Muzyki i Tańca.</p>
<p><strong>PLAN FESTIWALU:</strong></p>
</div>
<div class="default-style x11i5rnm xat24cr x1mh8g0r x1vvkbs xtlvy1s">
<div class="x11i5rnm xat24cr x1mh8g0r x1vvkbs xtlvy1s"><strong>25.04.2025</strong> / otwarcie wystawy / mała scena / 18:00<br class="html-br" />Stanisław Zagórski, Rosław Szaybo &#8211; wystawa okładek płyt winylowych</div>
<div class="x11i5rnm xat24cr x1mh8g0r x1vvkbs xtlvy1s"><strong>25.04.2025</strong> / film + rozmowa / Mała Scena / 19:00<br class="html-br" />Przyjaciele na 33 obroty / reż. Grzegorz Brzozowicz. Po projekcji filmu odbędzie się spotkanie z reżyserem. Rozmowę poprowadzi Maciej Sienkiewicz.</div>
<div class="x11i5rnm xat24cr x1mh8g0r x1vvkbs xtlvy1s"><strong>28.04.2025</strong> / warsztaty / Mała Scena / 12:00-18:00</div>
<div class="x11i5rnm xat24cr x1mh8g0r x1vvkbs xtlvy1s">Piotr Gwadera / Otwarta prelekcja: Muzyka tradycyjna a jazz, dżaz &#8211; instrument tradycyjny, historia, budowa i współczesne zastosowanie (2 h).<br class="html-br" />Bernard Maseli / Otwarte warsztaty wibrafonowe dla muzyków (2 h).<br class="html-br" />DJ Eprom / Otwarta prelekcja: Zastosowanie technik DJskich w jazzie i innych gatunkach + prezentacja wybranych technik gry na gramofonach (2 h).</div>
<div class="x11i5rnm xat24cr x1mh8g0r x1vvkbs xtlvy1s">Krzysztof Topolski / Słuchanie Stargardu – Rytmy. Dwudniowe warsztaty słuchania i tworzenia dźwięków (3 h: 1 dzień + 3 h: 2 dzień) max. 15 osób, pow. 15 roku życia. Zapisy: 91 578 32 31.</div>
<div class="x11i5rnm xat24cr x1mh8g0r x1vvkbs xtlvy1s"><strong>29.04.2025</strong> / koncerty / Duża Scena / start 18:00</div>
<div>
<div class="default-style" data-darkreader-inline-color="">18:30 Krzysztof Topolski &amp; Maja Miro</div>
<div class="default-style" data-darkreader-inline-color="">19:30 Gary Gwadera + VJ Copy Corpo</div>
<div class="default-style" data-darkreader-inline-color="">20:30 Warp Travelers (Bernard Maseli &amp; DJ Eprom)</div>
</div>
<div class="x11i5rnm xat24cr x1mh8g0r x1vvkbs xtlvy1s"><em>Uwaga! Podane godziny rozpoczęcia są przybliżone i mogą ulec zmianie.</em><br class="html-br" />Giełda płyt winylowych / hol kina SCK<br class="html-br" />Stanisław Zagórski, Rosław Szaybo &#8211; wystawa okładek płyt winylowych / Galeria 108 hol</div>
<div class="x11i5rnm xat24cr x1mh8g0r x1vvkbs xtlvy1s"><strong>30.04.2025</strong> / koncerty / Duża Scena / start 18:00<br class="html-br" />18:30 Latarnik<br class="html-br" />19:30 Unleashed Cooperation &amp; Anna Gadt<br class="html-br" />21:15 Marcin Masecki Trio</div>
<div class="x11i5rnm xat24cr x1mh8g0r x1vvkbs xtlvy1s"><em>Uwaga! Podane godziny rozpoczęcia są przybliżone i mogą ulec zmianie.</em><br class="html-br" />Giełda płyt winylowych / hol kina SCK<br class="html-br" />Stanisław Zagórski, Rosław Szaybo &#8211; wystawa okładek płyt winylowych / Galeria 108 hol</div>
</div>
</div></div></div><div class="fusion-layout-column fusion_builder_column fusion-builder-column-2 fusion_builder_column_1_1 1_1 fusion-flex-column" style="--awb-bg-size:cover;--awb-width-large:100%;--awb-margin-top-large:50px;--awb-spacing-right-large:1.92%;--awb-margin-bottom-large:20px;--awb-spacing-left-large:1.92%;--awb-width-medium:100%;--awb-order-medium:0;--awb-spacing-right-medium:1.92%;--awb-spacing-left-medium:1.92%;--awb-width-small:100%;--awb-order-small:0;--awb-spacing-right-small:1.92%;--awb-spacing-left-small:1.92%;"><div class="fusion-column-wrapper fusion-column-has-shadow fusion-flex-justify-content-flex-start fusion-content-layout-column"><div style="text-align:center;"><a class="fusion-button button-flat button-large button-custom fusion-button-default button-1 fusion-button-default-span fusion-button-default-type" style="--button_accent_color:#070a21;--button_border_color:#81ae20;--button_accent_hover_color:#070a21;--button_border_hover_color:#a70240;--button_border_width-top:8px;--button_border_width-right:8px;--button_border_width-bottom:8px;--button_border_width-left:8px;--button-border-radius-top-left:0;--button-border-radius-top-right:0;--button-border-radius-bottom-right:0;--button-border-radius-bottom-left:0;--button_gradient_top_color:rgba(255,255,255,0);--button_gradient_bottom_color:rgba(255,255,255,0);--button_gradient_top_color_hover:rgba(255,255,255,0);--button_gradient_bottom_color_hover:rgba(255,255,255,0);--button_text_transform:lowercase;--button_typography-letter-spacing:-1px;--button_typography-font-family:&quot;Montserrat&quot;;--button_typography-font-style:normal;--button_typography-font-weight:800;" target="_self" href="/kalendarz-wydarzen"><span class="fusion-button-text awb-button__text awb-button__text--default">powrót</span></a></div></div></div></div></div>
